s digit of 1287120?
0
What is the thousands digit of 9056367?
6
What is the millions digit of 11297120?
1
What is the units digit of 256356?
6
What is the hundred thousands digit of 2041767?
0
What is the tens digit of 68991?
9
What is the ten thousands digit of 249453?
4
What is the units digit of 1160891?
1
What is the units digit of 2490540?
0
What is the hundreds digit of 317514?
5
What is the millions digit of 2217230?
2
What is the thousands digit of 3081499?
1
What is the millions digit of 2678869?
2
What is the millions digit of 3080268?
3
What is the hundred thousands digit of 386550?
3
What is the units digit of 3832582?
2
What is the thousands digit of 1488692?
8
What is the thousands digit of 69600?
9
What is the tens digit of 2876827?
2
What is the thousands digit of 908791?
8
What is the hundreds digit of 156718?
7
What is the tens digit of 467160?
6
What is the thousands digit of 178731?
8
What is the ten millions digit of 11587773?
1
What is the hundreds digit of 20369040?
0
What is the units digit of 143192?
2
What is the hundred thousands digit of 147749?
1
What is the tens digit of 2708394?
9
What is the tens digit of 270351?
5
What is the millions digit of 2600319?
2
What is the units digit of 53330?
0
What is the millions digit of 22968881?
2
What is the hundreds digit of 3176549?
5
What is the ten millions digit of 14779899?
1
What is the hundred thousands digit of 4394430?
3
What is the ten thousands digit of 1881092?
8
What is the units digit of 1987391?
1
What is the units digit of 3155669?
9
What is the thousands digit of 1842?
1
What is the hundreds digit of 212551?
5
What is the hundred thousands digit of 688806?
6
What is the units digit of 5109?
9
What is the ten thousands digit of 578298?
7
What is the thousands digit of 17861446?
1
What is the thousands digit of 768849?
8
What is the tens digit of 303053?
5
What is the tens digit of 95007?
0
What is the ten thousands digit of 6983268?
8
What is the units digit of 6352453?
3
What is the ten millions digit of 20452689?
2
What is the millions digit of 3232307?
3
What is the hundred thousands digit of 16906095?
9
What is the thousands digit of 8213755?
3
What is the thousands digit of 665066?
5
What is the tens digit of 4944269?
6
What is the thousands digit of 3591127?
1
What is the hundreds digit of 83806?
8
What is the hundreds digit of 6610800?
8
What is the tens digit of 8145394?
9
What is the thousands digit of 344361?
4
What is the thousands digit of 65151?
5
What is the ten thousands digit of 1788877?
8
What is the ten millions digit of 17836712?
1
What is the thousands digit of 1307237?
7
What is the thousands digit of 372357?
2
What is the hundred thousands digit of 9174426?
1
What is the thousands digit of 389371?
9
What is the millions digit of 22049959?
2
What is the tens digit of 1770806?
0
What is the units digit of 1001407?
7
What is the hundreds digit of 1569820?
8
What is the ten thousands digit of 16571813?
7
What is the units digit of 1080986?
6
What is the hundred thousands digit of 3904550?
9
What is the units digit of 12085793?
3
What is the hundreds digit of 2455?
4
What is the tens digit of 77545?
4
What is the ten thousands digit of 33004?
3
What is the thousands digit of 47833?
7
What is the tens digit of 12376112?
1
What is the ten thousands digit of 22218067?
1
What is the millions digit of 16159337?
6
What is the millions digit of 7272363?
7
What is the units digit of 786684?
4
What is the ten thousands digit of 1660829?
6
What is the hundred thousands digit of 2226846?
2
What is the hundred thousands digit of 599574?
5
What is the hundreds digit of 3481666?
6
What is the ten thousands digit of 707099?
0
What is the thousands digit of 179083?
9
What is the hundreds digit of 134382?
3
What is the hundred thousands digit of 19369914?
3
What is the ten thousands digit of 4811374?
1
What is the hundreds digit of 20298462?
4
What is the ten thousands digit of 523498?
2
What is the hundred thousands digit of 5841406?
8
What is the tens digit of 215823?
2
What is the ten thousands digit of 3207150?
0
What is the thousands digit of 30259523?
9
What is the ten thousands digit of 1646893?
4
What is the units digit of 335710?
0
What is the hundred thousands digit of 1193193?
1
What is the tens digit of 1701037?
3
What is the ten thousands digit of 113704?
1
What is the tens digit of 1133363?
6
What is the units digit of 15472219?
9
What is the ten thousands digit of 246748?
4
What is the hundreds digit of 11905730?
7
What is the hundred thousands digit of 14087349?
0
What is the millions digit of 2218533?
2
What is the units digit of 194905?
5
What is the units digit of 296456?
6
What is the units digit of 187177?
7
What is the tens digit of 773239?
3
What is the ten thousands digit of 294590?
9
What is the units digit of 78385?
5
What is the ten thousands digit of 26332419?
3
What is the tens digit of 134872?
7
What is the ten thousands digit of 8446349?
4
What is the ten millions digit of 31316399?
3
What is the tens digit of 9201925?
2
What is the units digit of 2183309?
9
What is the thousands digit of 310067?
0
What is the units digit of 2789427?
7
What is the tens digit of 172744?
4
What is the hundred thousands digit of 457968?
4
What is the tens digit of 96149?
4
What is the units digit of 4221292?
2
What is the tens digit of 18434564?
6
What is the thousands digit of 1568067?
8
What is the tens digit of 3089859?
5
What is the thousands digit of 5035?
5
What is the tens digit of 1457263?
6
What is the ten thousands digit of 287775?
8
What is the ten thousands digit of 453020?
5
What is the hundreds digit of 163358?
3
What is the tens digit of 340429?
2
What is the millions digit of 1295394?
1
What is the units digit of 119190?
0
What is the millions digit of 3022829?
3
What is the ten thousands digit of 781391?
8
What is the ten thousands digit of 2776949?
7
What is the ten thousands digit of 244417?
4
What is the millions digit of 9989352?
9
What is the millions digit of 1131758?
1
What is the hundred thousands digit of 445645?
4
What is the ten thousands digit of 869263?
6
What is the hundreds digit of 504201?
2
What is the hundred thousands digit of 5113616?
1
What is the hundreds digit of 16138?
1
What is the hundreds digit of 1007192?
1
What is the units digit of 4452677?
7
What is the ten thousands digit of 819636?
1
What is the hundreds digit of 742725?
7
What is the hundreds digit of 645600?
6
What is the units digit of 3068819?
9
What is the units digit of 106895?
5
What is the millions digit of 4627254?
4
What is the thousands digit of 9400887?
0
What is the units digit of 345853?
3
What is the units digit of 142847?
7
What is the ten thousands digit of 349216?
4
What is the units digit of 1178865?
5
What is the units digit of 8434652?
2
What is the ten millions digit of 12100222?
1
What is the ten thousands digit of 1234818?
3
What is the units digit of 400896?
6
What is the hundred thousands digit of 238998?
2
What is the units digit of 244880?
0
What is the units digit of 2797?
7
What is the ten thousands digit of 372943?
7
What is the units digit of 5806497?
7
What is the thousands digit of 21843088?
3
What is the hundreds digit of 23162707?
7
What is the tens digit of 565?
6
What is the thousands digit of 756645?
6
What is the hundreds digit of 265297?
2
What is the hundreds digit of 1523119?
1
What is the tens digit of 72401?
0
What is the hundred thousands digit of 11134226?
1
What is the ten thousands digit of 2037823?
3
What is the hundred thousands digit of 28177514?
1
What is the thousands digit of 2357727?
7
What is the millions digit of 1132171?
1
What is the units digit of 2024418?
8
What is the thousands digit of 685390?
5
What is the hundreds digit of 2067576?
5
What is the units digit of 214766?
6
What is the tens digit of 1098511?
1
What is the units digit of 1748559?
9
What is the hundreds digit of 137822?
8
What is the ten millions digit of 18062180?
1
What is the hundred thousands digit of 222028?
2
What is the tens digit of 3925720?
2
What is the thousands digit of 8452563?
2
What is the millions digit of 3379186?
3
What is the tens digit of 29967?
6
What is the millions digit of 1084565?
1
What is the 